 2/(3/(-2 - -5)). Suppose 2*x + i = 13, -l*x - 2*x = 3*i - 25. What is the units digit of x?
7
Let f be (-2 + (-12)/(-9))*-12. Suppose 0*m + 2*m = f. What is the units digit of m?
4
What is the tens digit of ((4/3)/((-5)/(-195)))/1?
5
Let w(y) = -5*y - 4. What is the units digit of w(-7)?
1
Let s(f) = f**3 + 4*f**2 - 5*f. Let c(i) = i - 2. Let a be c(-3). Let j be s(a). Suppose j = 2*m + m - 6. What is the units digit of m?
2
Let f(w) = w**2 - 10*w - 15. What is the units digit of f(14)?
1
Suppose 24 = 2*j + 4*i, 5*j + 5*i - 35 = -0*j. Suppose 0 = -l + j*l - 8. What is the units digit of l?
8
Suppose 4 = c + p + 1, -c - 3 = 3*p. Let o = -5 + c. What is the units digit of o?
1
Let g(u) = u + 19. What is the units digit of g(9)?
8
Suppose -g = -2*g + 36. What is the tens digit of g?
3
Let a = -16 + 26. Suppose -24 = -3*h - 4*s - a, -3*s = 4*h - 21. What is the units digit of h?
6
Let s be 6/4*4/3. Suppose -3*g + 1 + 8 = 0. Suppose -2*q - 15 = p + s*q, -g*p = -3*q - 30. What is the units digit of p?
5
Let j(g) = g**3 - 16*g**2 + 17*g - 14. What is the tens digit of j(15)?
1
Let k(v) be the second derivative of v**5/20 - 5*v**4/12 - 2*v**3/3 - 4*v**2 - v. Let b be k(6). Suppose -b*r = -0*r - 20. What is the units digit of r?
5
Let k(q) = -q**3 - 8*q**2 + 11*q + 12. Let t be k(-9). Let b(y) = y**2 - 2. What is the tens digit of b(t)?
3
Let b(g) = g**3 + 10*g**2 + 10*g + 13. Suppose -k - 7 = f - 2*k, 2*f + 3*k = -24. What is the units digit of b(f)?
4
Let u(n) = 6*n. Let g be u(-1). Let z(v) = v**2 + 6*v. Let i be z(g). Suppose i*r = 3*r - 36. What is the tens digit of r?
1
Suppose 3*u = 5*d - 9, -2*u - 3*d - 6 = -0. What is the units digit of ((-2)/u)/(2/9)?
3
Suppose -5*s - 1 = 2*i - 24, -20 = -2*i - 4*s. Suppose i*g + 1 = 9. What is the units digit of 1/(g + 45/(-24))?
8
Suppose -3*h = g + 4*g + 16, -5*g = 2*h + 19. Suppose 54 = h*q - 3*x, -5*q + 163 = -2*x + 64. Let u = -14 + q. What is the units digit of u?
7
Suppose 3*w + 2*j - 271 = 3*j, -3*j - 183 = -2*w. What is the tens digit of w?
9
Suppose 5*f + 0*r - 11 = -2*r, 2*r = -3*f + 5. Suppose 0 = 2*y - 1 - f. Suppose 4*c = c - y*p + 16, -2*c + 3*p = -28. What is the units digit of c?
8
Suppose 3*i + 5*i = 200. What is the units digit of i?
5
Suppose 6 = 6*m - 4*m. Suppose -5*i + 2*r + 21 = -2*i, -i + 2*r + 7 = 0. Suppose m*y = 8 + i. What is the units digit of y?
5
Suppose -c = -3*c + u + 7, 2*u - 1 = -c. Suppose 0*g = -3*g + 93. Suppose 0 = 4*f + 5*b - 19 + 2, c*b = -5*f + g. What is the units digit of f?
8
Let p(v) = v**2 + 6*v + 7. Let u be p(-7). Let y = u + -9. Suppose 0 = y*a + 3*f - 34, a - 5*f - 12 = -3*f. What is the units digit of a?
8
Suppose 0 = 3*p - 0*p + 9. Let k = 12 + p. What is the units digit of (k - 3)/(-1 - -3)?
3
Let f be 1 - 258/(-2 + -1). Suppose -2*b + 4*k = 3*b - 224, -2*b + f = k. Suppose 3*r + 11 = b. What is the units digit of r?
1
Suppose -2*w = y + 27, -w = -2*w + 2*y - 11. Suppose -4*r + 2*r = -40. Let c = r + w. What is the units digit of c?
7
Suppose 3*s - 15 = 0, -4*s - 62 = -u - 8*s. What is the tens digit of (-4 - -3 - 2) + u?
3
Suppose -4*m - 816 = 2*n - 2408, m - 388 = 2*n. What is the hundreds digit of m?
3
Let w = 1 + -1. Suppose 0*a + 2*a + 50 = w. Let t = -18 - a. What is the units digit of t?
7
Suppose 0 = -2*c + 2*d + 2*d + 18, 3*d = -5*c - 7. What is the units digit of c?
1
Let u = 11 + -7. Suppose 0 = o + u*o - 100. What is the units digit of ((-4)/10)/((-1)/o)?
8
Suppose -28 = 3*z - z. Let f = -41 - z. Let o = -17 - f. What is the units digit of o?
0
Let m = 28 - -3. What is the tens digit of m?
3
Let p = -4 + 9. Let w be 0/(p/(5/(-2))). Let n = 1 - w. What is the units digit of n?
1
Let i be ((-14)/4 + 2)*2. Let x be 6/(-4)*(-16)/i. What is the units digit of (12/x)/((-3)/4)?
2
Suppose 1 = -5*p - 14. What is the units digit of (-1)/((3/p)/2)?
2
Let t = 0 + 105. What is the tens digit of t?
0
What is the hundreds digit of 313 - (5 - 5 - 0)?
3
Suppose -3*i + 0 = -6. Suppose 0 = i*f - 0*f + 6. Let y = f - -6. What is the units digit of y?
3
Suppose 387 = 2*o - 77. What is the units digit of o?
2
Let t(y) = -2*y - 5. Let d be t(5). Let o be (3/(-5))/(3/d). Suppose 0 = -4*h - 12, -o*n - 4*h - 4 = -2*n. What is the units digit of n?
8
What is the tens digit of (180 - 7) + (-2 - 0)?
7
Suppose -3*i + 3*b + 15 = 0, 4*i + 3*b = -13 - 2. Let u = -4 - i. Let m(v) = v**2 + 3*v + 3. What is the units digit of m(u)?
7
Let h(u) = -u**2 - 7*u - 6. Let d(b) = -2*b - 2. Let w be d(2). Let r be h(w). Suppose r = 2*t - 1 - 9. What is the units digit of t?
5
Let t(g) = g + 1. Let x be t(1). Suppose -10 + x = -4*c. What is the units digit of c?
2
Let h be 1/(-4) + 90/(-24). Let k = h + 5. What is the units digit of k?
1
Let m = 2 + 4. Let r = -3 + m. Suppose 51 = r*a - 9. What is the units digit of a?
0
Let d be (2/2)/(3/237). Suppose 2*r + 19 - d = 0. What is the units digit of r?
0
Let d(q) = 13*q**3 + 5*q**2 - 15*q + 6. Let a(w) = -7*w**3 - 3*w**2 + 8*w - 3. Let k(j) = -11*a(j) - 6*d(j). What is the units digit of k(3)?
3
Let p = 6 + 0. Suppose 0 + p = y. Let s(w) = -w + 7. What is the units digit of s(y)?
1
Suppose 9*p + 5*p - 3570 = 0. What is the units digit of p?
5
Suppose 0*b = -2*b + 8. What is the units digit of b/(-2 - 24/(-9))?
6
Suppose -5*f - 3*z = -381, 257 = 4*f - z - 41. What is the units digit of f?
5
Suppose 8*t - 14 = 6*t. Suppose -2*l - 1 + t = 0. What is the units digit of l?
3
Suppose 67 = 4*v - 29. Suppose 8*z = 4*z + v. Let u = -4 + z. What is the units digit of u?
2
Let d(c) = -2 + 4*c**3 - 5*c**2 - 3*c**3 - 2*c**3 - 4*c. Let r be d(-4). What is the units digit of r/8 + (-27)/(-12)?
2
Let o be (-615)/(-21) + 2/(-7). Suppose 4*q + m = -o, -7*q - 5*m - 33 = -3*q. Let a = q - -10. What is the units digit of a?
3
Suppose 2*h + 7 = -13. Let z = -1 - -3. Let t = z - h. What is the units digit of t?
2
Let g = 20 - -109. What is the hundreds digit of g?
1
Let m(t) = -8*t + 7. What is the units digit of m(-17)?
3
Let u = -82 - -139. What is the tens digit of u?
5
Suppose 46 = o + 18. Let i = -17 + o. What is the tens digit of i?
1
Let j = -2 + 5. Let o(g) = g**3 - 3*g**2 - g + 4. Let h be o(j). Let z = 5 + h. What is the units digit of z?
6
Let h(u) = -u**2 - 4*u. Let f(d) = 2*d**2 + 7*d + 1. Let i(g) = 3*f(g) + 7*h(g). Let w = -22 - -16. What is the units digit of i(w)?
9
Let q(j) = -j - 3. Let r be q(4). Let b(t) = -9*t - 16. What is the tens digit of b(r)?
4
Let l(o) = o**3 + 4*o**2 + 2*o + 1. Let y be l(-3). Suppose -2*z = -0*z + 5*n, y*n = 2*z. Let w(m) = -m**3 - m**2 + 1. What is the units digit of w(z)?
1
Let i(k) = -46*k + 67. What is the tens digit of i(-4)?
5
Let c(h) = 14*h + 5. Let d be c(8). What is the tens digit of ((-5)/15)/((-1)/d)?
3
Let y(c) = c**2 - 5*c - 2. Suppose -10 = -2*f - 4*o + 8, 9 = f - 4*o. What is the tens digit of y(f)?
3
Suppose 0 = -2*t - 8, b + 4*b + 5*t = 95. Suppose w = 2*l - 18, -5*l + 0*l = w + 11. Let g = w + b. What is the units digit of g?
7
Let y(s) = s**3 + 10*s**2 + 8*s - 6. Let w be y(-9). Suppose 0*k - 20 = 2*d + 2*k, -4*d = -w*k + 26. Let x = -1 - d. What is the units digit of x?
7
Suppose 2*g - 25 = -3. Let u = 18 - g. What is the units digit of u?
7
Let s = -2 + 1. Let x = -3 - s. Let y = x - -5. What is the units digit of y?
3
What is the units digit of (15/2)/((-12)/(-8))?
5
Suppose 8*i - 600 - 248 = 0. What is the units digit of i?
6
Let r(c) = -c**3 - 6*c**2 - 5*c + 3. What is the units digit of r(-5)?
3
Let l(w) = -w - 4. Let q be l(-8). What is the units digit of 2/q - (-18)/4?
5
Suppose -2*f + 5*x + 316 = 0, 7*x - 3*x - 16 = 0. What is the hundreds digit of f?
1
Let v = 4 + 0. Suppose 0 = 2*h + v, i - 4*h - 68 = -i. What is the units digit of i?
0
Suppose m = 4*m - 15. Suppose 2 = c - m. What is the units digit of c?
7
Let o be 11/3 + (-5)/(-15). Suppose h - 2*h = -o. What is the units digit of h?
4
Suppose -2 = -k + 4*t, -22 - 49 = -3*k - t. Let h = k - 16. What is the units digit of h?
6
Let n = -12 + 6. Let o be 17/(-3) + 2/n. Let f(s) = -4*s - 2. What is the tens digit of f(o)?
2
Let h = 60 - 5. Suppose -z + 2*k = -0*z - 30, -2*z = -3*k - h. What is the units digit of z?
0
Let q(w) be the third derivative of -w**6/120 + w**5/30 + w**3/6 - 2*w**2. What is the units digit of q(2)?
1
What i